 326?
2, 163
List the prime factors of 3734.
2, 1867
What are the prime factors of 7218?
2, 3, 401
What are the prime factors of 50258?
2, 13, 1933
List the prime factors of 44447.
13, 263
List the prime factors of 4731.
3, 19, 83
List the prime factors of 1584.
2, 3, 11
List the prime factors of 8786.
2, 23, 191
List the prime factors of 1978.
2, 23, 43
List the prime factors of 10709.
10709
What are the prime factors of 1254?
2, 3, 11, 19
What are the prime factors of 1038?
2, 3, 173
List the prime factors of 11655.
3, 5, 7, 37
List the prime factors of 73905.
3, 5, 13, 379
What are the prime factors of 152116?
2, 17, 2237
What are the prime factors of 2425?
5, 97
List the prime factors of 171.
3, 19
What are the prime factors of 2302?
2, 1151
What are the prime factors of 9342?
2, 3, 173
List the prime factors of 195.
3, 5, 13
List the prime factors of 3109.
3109
What are the prime factors of 15078?
2, 3, 7, 359
What are the prime factors of 2891?
7, 59
List the prime factors of 40013.
40013
What are the prime factors of 7948?
2, 1987
What are the prime factors of 126751?
126751
What are the prime factors of 715?
5, 11, 13
List the prime factors of 2021.
43, 47
List the prime factors of 1458.
2, 3
What are the prime factors of 1458?
2, 3
What are the prime factors of 1183?
7, 13
List the prime factors of 19626.
2, 3, 3271
What are the prime factors of 3247?
17, 191
List the prime factors of 2190.
2, 3, 5, 73
What are the prime factors of 1580?
2, 5, 79
What are the prime factors of 2487?
3, 829
What are the prime factors of 8114?
2, 4057
List the prime factors of 90060.
2, 3, 5, 19, 79
What are the prime factors of 29962?
2, 71, 211
What are the prime factors of 16034?
2, 8017
List the prime factors of 5097.
3, 1699
List the prime factors of 3422.
2, 29, 59
List the prime factors of 6708.
2, 3, 13, 43
What are the prime factors of 1715?
5, 7
What are the prime factors of 1919?
19, 101
What are the prime factors of 38418?
2, 3, 19, 337
List the prime factors of 12675.
3, 5, 13
What are the prime factors of 14063?
7, 41
What are the prime factors of 471?
3, 157
What are the prime factors of 822?
2, 3, 137
List the prime factors of 30955.
5, 41, 151
List the prime factors of 34538.
2, 7, 2467
List the prime factors of 17679.
3, 71, 83
What are the prime factors of 1857?
3, 619
List the prime factors of 4924.
2, 1231
What are the prime factors of 42105?
3, 5, 7, 401
List the prime factors of 4780.
2, 5, 239
List the prime factors of 20350.
2, 5, 11, 37
List the prime factors of 7256.
2, 907
What are the prime factors of 8533?
7, 23, 53
What are the prime factors of 4100?
2, 5, 41
What are the prime factors of 8539?
8539
List the prime factors of 42846.
2, 3, 37, 193
What are the prime factors of 1740?
2, 3, 5, 29
What are the prime factors of 5423?
11, 17, 29
What are the prime factors of 445?
5, 89
List the prime factors of 3589.
37, 97
What are the prime factors of 1546?
2, 773
What are the prime factors of 3782?
2, 31, 61
What are the prime factors of 570?
2, 3, 5, 19
What are the prime factors of 5368?
2, 11, 61
What are the prime factors of 84?
2, 3, 7
List the prime factors of 13755.
3, 5, 7, 131
What are the prime factors of 2110?
2, 5, 211
List the prime factors of 30491.
30491
List the prime factors of 689.
13, 53
What are the prime factors of 37352?
2, 7, 23, 29
What are the prime factors of 64891?
64891
What are the prime factors of 4600?
2, 5, 23
List the prime factors of 3408.
2, 3, 71
List the prime factors of 111935.
5, 61, 367
List the prime factors of 35595.
3, 5, 7, 113
List the prime factors of 1553.
1553
What are the prime factors of 3665?
5, 733
What are the prime factors of 7369?
7369
What are the prime factors of 521?
521
What are the prime factors of 272?
2, 17
List the prime factors of 1725.
3, 5, 23
What are the prime factors of 3831?
3, 1277
List the prime factors of 49.
7
List the prime factors of 12170.
2, 5, 1217
List the prime factors of 965.
5, 193
List the prime factors of 11090.
2, 5, 1109
List the prime factors of 1052.
2, 263
List the prime factors of 113897.
7, 53, 307
List the prime factors of 5382.
2, 3, 13, 23
What are the prime factors of 2292?
2, 3, 191
What are the prime factors of 12909?
3, 13, 331
What are the prime factors of 396?
2, 3, 11
List the prime factors of 6273.
3, 17, 41
List the prime factors of 106293.
3, 11, 3221
List the prime factors of 791.
7, 113
List the prime factors of 2653.
7, 379
List the prime factors of 35113.
13, 37, 73
What are the prime factors of 38459?
38459
List the prime factors of 3279.
3, 1093
List the prime factors of 20955.
3, 5, 11, 127
What are the prime factors of 36091?
11, 17, 193
List the prime factors of 201.
3, 67
What are the prime factors of 11416?
2, 1427
What are the prime factors of 21294?
2, 3, 7, 13
What are the prime factors of 44526?
2, 3, 41, 181
What are the prime factors of 100365?
3, 5, 6691
List the prime factors of 7036.
2, 1759
What are the prime factors of 2759?
31, 89
List the prime factors of 28655.
5, 11, 521
List the prime factors of 794.
2, 397
What are the prime factors of 40044?
2, 3, 47, 71
List the prime factors of 22391.
22391
List the prime factors of 3647.
7, 521
What are the prime factors of 5707?
13, 439
What are the prime factors of 1165?
5, 233
List the prime factors of 2642.
2, 1321
List the prime factors of 42960.
2, 3, 5, 179
List the prime factors of 21435.
3, 5, 1429
What are the prime factors of 3613?
3613
What are the prime factors of 3240?
2, 3, 5
What are the prime factors of 6856?
2, 857
What are the prime factors of 668?
2, 167
What are the prime factors of 27499?
107, 257
List the prime factors of 15348.
2, 3, 1279
What are the prime factors of 9891?
3, 7, 157
List the prime factors of 39326.
2, 7, 53
List the prime factors of 58123.
13, 17, 263
What are the prime factors of 2636?
2, 659
List the prime factors of 106735.
5, 21347
What are the prime factors of 35244?
2, 3, 11, 89
List the prime factors of 1070.
2, 5, 107
List the prime factors of 14229.
3, 17, 31
What are the prime factors of 867?
3, 17
List the prime factors of 3548.
2, 887
What are the prime factors of 54997?
43, 1279
What are the prime factors of 63103?
63103
What are the prime factors of 247?
13, 19
List the prime factors of 151893.
3, 7, 2411
What are the prime factors of 2470?
2, 5, 13, 19
List the prime factors of 45873.
3, 1699
List the prime factors of 23045.
5, 11, 419
What are the prime factors of 13964?
2, 3491
What are the prime factors of 5869?
5869
List the prime factors of 37.
37
List the prime factors of 2655.
3, 5, 59
List the prime factors of 221.
13, 17
List the prime factors of 2048.
2
What are the prime factors of 28053?
3, 1039
What are the prime factors of 25931?
25931
What are the prime factors of 591?
3, 197
List the prime factors of 6387.
3, 2129
What are the prime factors of 2904?
2, 3, 11
What are the prime factors of 9981?
3, 1109
List the prime factors of 5856.
2, 3, 61
List the prime factors of 65584.
2, 4099
List the prime factors of 32976.
2, 3, 229
What are the prime factors of 875?
5, 7
What are the prime factors of 16760?
2, 5, 419
What are the prime factors of 19539?
3, 13, 167
What are the prime factors of 65016?
2, 3, 7, 43
List the prime factors of 187797.
3, 59, 1061
What are the prime factors of 3414?
2, 3, 569
What are the prime factors of 7019?
7019
What are the prime factors of 80153?
80153
List the prime factors of 5953.
5953
List the prime factors of 1091.
1091
What are the prime factors of 1715?
5, 7
What are the prime factors of 43305?
3, 5, 2887
What are the prime factors of 4920?
2, 3, 5, 41
List the prime factors of 130051.
130051
What are the prime factors of 469?
7, 67
List the prime factors of 201.
3, 67
What are the prime factors of 2292?
2, 3, 191
List the prime factors of 8043.
3, 7, 383
List the prime factors of 9026.
2, 4513
What are the prime factors of 6769?
7, 967
What are the prime factors of 3823?
3823
List the prime factors of 3791.
17, 223
What are the prime factors of 1934?
2, 967
List the prime factors of 8015.
5, 7, 229
List the prime factors of 123131.
17, 7243
List the prime factors of 121.
11
List the prime factors of 2516.
2, 17, 37
List the prime factors of 66819.
3, 